r when h is divided by 14.
13
Let q = 12 - 5. Suppose o + q = 2*k + 2, 3*k - 5*o - 4 = 0. Calculate the remainder when 4 is divided by k.
1
Let l be (-1 + 24/15)*5. Let t = l + 3. What is the remainder when 10 is divided by t?
4
Calculate the remainder when 3/4 + 149/4 is divided by 8.
6
Let j = -11 + 13. Suppose j*m = -k + 19, 3*m - k = m + 25. Let w(t) = -23*t - 3. What is the remainder when w(-2) is divided by m?
10
Let j = 13 - 0. Let n = 26 + j. Calculate the remainder when n is divided by -6 + (1 - (-1 + -18)).
11
Let x = 5 + -7. Let r be x/(-4)*(-504)/(-3). Suppose -p = -4*p + r. What is the remainder when p is divided by 10?
8
Let c = 1 - -1. Let m(w) = 8*w + 2. Let q be m(8). Suppose 4*y - 5*o = 157, 2*y - q = c*o + 12. Calculate the remainder when y is divided by 13.
12
Let g(n) = 5*n**2 - n + 1. Let o be g(1). Suppose -2*x + i = 2*x - 53, o*x - 63 = -2*i. Calculate the remainder when 38 is divided by x.
12
Let f(g) = 14*g**2 + 3*g - 7. Calculate the remainder when 170 is divided by f(-2).
41
Let a(i) be the second derivative of i - 1/3*i**3 - 1/2*i**2 + 0. What is the remainder when a(-10) is divided by 7?
5
Let z(c) = -47*c - 7. What is the remainder when z(-5) is divided by 46?
44
Let g(b) = -2*b + 15. Calculate the remainder when 6 is divided by g(5).
1
Let i(a) = 16*a**2 - 5*a - 6. What is the remainder when 55 is divided by i(-1)?
10
Suppose -3*i - i + 28 = 0. Suppose -9 = 3*q, -228 = -3*c - 0*q - q. Suppose -a - 2*r = -18 - 4, -4*a = -3*r - c. What is the remainder when a is divided by i?
6
Let n(p) = -2*p**3 - 3*p**2 - 2*p - 2. What is the remainder when 7 is divided by n(-2)?
1
Suppose 0 = 4*x - 6*w + w - 80, -x = -w - 19. What is the remainder when 58 is divided by x?
13
Let d(g) = g**3 + 5*g**2 + g. Let k be (-2)/((-3)/(-24)*4). Calculate the remainder when 21 is divided by d(k).
9
Suppose 4*m - 59 = j, 3*j = 4*m + 8*j - 41. What is the remainder when 26 is divided by m?
12
Let z = -34 - -65. What is the remainder when 88 is divided by z?
26
Suppose -233 = -5*s - 178. Let z(k) = k**3 + 3*k**2 - 3*k - 3. Calculate the remainder when s is divided by z(-3).
5
What is the remainder when (8/6)/(4*(-4)/(-960)) is divided by 21?
17
Let c(x) = 2*x**2 + 3*x + 1. Let a be c(-2). Let d = a + -2. What is the remainder when d is divided by 1?
0
Suppose 0*q - 3*f = 3*q - 60, -62 = -4*q + 5*f. Calculate the remainder when 33 is divided by q.
15
Let s = -20 + 29. Let m = 2 + 3. What is the remainder when s is divided by m?
4
Suppose -5*p = -2*p - 2*x - 25, -3*p - 3*x = -15. Suppose -4*t = -5*a + 80, -4*a - 3*t + 40 - p = 0. What is the remainder when 243/7 + 4/14 is divided by a?
11
Suppose 6*u - 7*u = -19. What is the remainder when 91 is divided by u?
15
Suppose -2*x + 4*d = 3*x - 88, 2*d + 34 = 2*x. Suppose s - 4*s = 0. Suppose 3*u = -s*u + 174. Calculate the remainder when u is divided by x.
18
Let l = -5 + 10. Suppose 4*a - 86 + 1 = l*o, -4*o + 37 = a. Let b(i) = i**2 - 5*i + 7. What is the remainder when a is divided by b(6)?
12
Let j(m) = -m**3 + m**2 - 2*m + 15. Calculate the remainder when j(0) is divided by 10.
5
Let g = 1 + -9. Calculate the remainder when (-2)/g - (-86)/8 is divided by 4.
3
Suppose 215 = -56*i + 61*i. Calculate the remainder when i is divided by 11.
10
Suppose 0 = 3*b - x - 48, -3*x = -b - 4 + 28. Let o be 8/(-10)*100/5. Let t = o - -45. What is the remainder when t is divided by b?
14
Suppose 4*n - 20 = -n. Suppose 15 = 12*s - 7*s. What is the remainder when n is divided by s?
1
Suppose -2*t + 5*s = -t - 4, 2*t = -3*s - 5. Let k = 4 + t. Suppose -r = -0*r - k. What is the remainder when 8 is divided by r?
2
Let z = -27 + 47. Suppose 0 = 4*x + m - 16, -5*x + 0*m + z = -3*m. Suppose 0 = -4*v - 5*f + 64, 4*f - 9 = 7. What is the remainder when v is divided by x?
3
Suppose 3*o - f = f + 15, 0 = -5*o - 3*f + 6. Let c = o - 5. Let z(b) = -3*b**3 - b**2 - 2. Calculate the remainder when z(c) is divided by 10.
8
Let s(q) = q**3 - 8*q**2 + 8*q + 4. Let g(w) = w**3 + 6*w**2 - 11*w - 8. What is the remainder when g(-7) is divided by s(7)?
9
Let w be 3/(-2 + 142/68). Suppose -5*s + 3*s + w = 0. Suppose -158 = -20*d + 22. Calculate the remainder when s is divided by d.
8
Suppose -36 = -18*z + 12*z. Suppose y = 6*y - 25. What is the remainder when z is divided by y?
1
What is the remainder when (-7 - -10) + 103 + 0 is divided by 27?
25
Let s(c) = -c**2 - 12*c - 25. Let t(w) = 2*w**2 + 5. Calculate the remainder when t(4) is divided by s(-7).
7
Suppose 0 = -3*t - 3*f - 0*f + 12, -4 = f. What is the remainder when t is divided by (-5 - (-1 - 0/(-3))) + 9?
3
Let o be ((-2)/(-3))/(30/225). Suppose -o*v - m - 3*m = -92, 3*m = -v + 14. Calculate the remainder when 38 is divided by v.
18
Let r be 1/2 - (-6)/4. Suppose l = -u + 6, 54 = -2*l + 6*l - r*u. Suppose 3*o - y = 98, -o + 5*y - 10 = -52. What is the remainder when o is divided by l?
10
Let u(w) = w**3 + 5*w**2 + 2*w - 3. What is the remainder when (10/(-6) + 1)*-24 is divided by u(-3)?
7
Let s(w) be the third derivative of w**6/120 + 7*w**5/60 + 7*w**4/24 - w**3/6 - w**2. Calculate the remainder when s(-5) is divided by 4.
2
What is the remainder when 101 is divided by (4 + -3)*(-2 - -15)?
10
Let z(u) be the first derivative of -3*u**2 + u + 3. What is the remainder when 24 is divided by z(-2)?
11
Let i(w) = -w + 21. Calculate the remainder when 67 is divided by i(3).
13
Suppose -5*w - 2*t + 36 = 0, 0*w + 2*t = -w + 12. Let n = 8 - w. Suppose -u + 24 = -n. Calculate the remainder when 50 is divided by u.
24
Calculate the remainder when (-579)/(-18) - (-6)/(-36) is divided by 17.
15
Let j(d) = 5*d - 20. What is the remainder when 121 is divided by j(9)?
21
What is the remainder when (-2 - 0) + -2 + 11 + 1 is divided by 1*(0 - 2 - -7)?
3
Let c = -5 + 8. Suppose -c*g - 2*x = -47, -5*g + 26 = 2*x - 59. What is the remainder when 37 is divided by g?
18
Let t = -62 - -89. What is the remainder when 105 is divided by t?
24
Let n(i) = 3*i + 6. Suppose 8*l - 70 = -6. What is the remainder when n(5) is divided by l?
5
Let m(x) be the second derivative of -x**4/12 - 5*x**3/3 - 5*x**2 - 5*x. Let r be (-40)/6 + 2/(-6). Calculate the remainder when 32 is divided by m(r).
10
Suppose 4*g + 0*a - 70 = 2*a, 0 = -3*g + 4*a + 50. Calculate the remainder when 1/((-9)/105)*-3 is divided by g.
17
Let c(a) = 47*a - 1. Let y be 14/63 + (-14)/(-18). Suppose -5*d = -k - y + 7, -4*d = -k + 5. Calculate the remainder when c(k) is divided by 12.
10
Let g(b) = 1 - 5*b + b**2 - 1 - 7 + 0*b**2. Calculate the remainder when g(7) is divided by 4 + 0 + (-1 - 0).
1
Let i(u) = u**2 - 14*u + 18. What is the remainder when 11 is divided by i(13)?
1
Calculate the remainder when 1/(-5) - (1785/(-25))/7 is divided by 4.
2
Suppose -4 = 2*i, -3*w + 3 + 3 = -3*i. Suppose 4*j + 13 - 185 = w. What is the remainder when j is divided by 11?
10
Suppose 0 = -5*w + 5 + 80. Suppose 94 = 5*q - 66. Calculate the remainder when q is divided by w.
15
Let k be (-227)/2 - (-1)/(-2). Let i = 23 - 38. What is the remainder when 15 is divided by k/i + 2/5?
7
Let y = -101 + 57. Let m = 70 + y. Calculate the remainder when m is divided by 14.
12
Let o(s) = s + 3. Let l(b) = -b**3 - 4*b**2 + 4*b - 2. Let j be l(-4). Calculate the remainder when (1*3)/(j/(-120)) is divided by o(4).
6
Let i(l) = -l**2 + 10*l - 12. Let q be i(8). Suppose -r - q = -3*r. Calculate the remainder when 5 is divided by r.
1
Suppose f - 4*f - j - 26 = 0, 5*f - 4*j = -49. Let g = f - -21. Calculate the remainder when 33 is divided by g.
9
Let v = 68 + -107. Let r = v - -77. Let m(n) = -n**3 + 6*n**2 + 13. Calculate the remainder when r is divided by m(6).
12
Let v(m) = -m**2 - 22*m + 294. What is the remainder when (-2 + 1)/((-1)/29) is divided by v(-31)?
14
Let g = -8 - -17. Suppose -14*v + 315 = -5*v. What is the remainder when v is divided by g?
8
Suppose -30 = -x - 4*x. Calculate the remainder when x is divided by 2.
0
Let i = 1 - 0. Suppose -f + 3*x = -29, 3*f + i - 64 = x. Calculate the remainder when f is divided by 11.
9
What is the remainder when 118 is divided by (-1 - (-13)/7)/((-14)/(-196))?
10
Suppose 3*t + 32 = 41. Let a = -1 - 0. Calculate the remainder when (10/(-8))/(a/4) is divided by t.
2
Let b = 61 - 36. What is the remainder when 97 is div